{"id":732,"date":"2016-06-06T22:41:17","date_gmt":"2016-06-06T20:41:17","guid":{"rendered":"http:\/\/buehne-weinburg.at\/wp-content\/uploads\/2015\/09\/Begr\u00fc\u00dfung-theatergruppe-bayern2.jpg"},"modified":"2016-06-06T22:41:17","modified_gmt":"2016-06-06T20:41:17","slug":"begruessung-theatergruppe-bayern2","status":"inherit","type":"attachment","link":"https:\/\/buehne-weinburg.at\/?attachment_id=732#main","title":{"rendered":"Begr\u00fc\u00dfung theatergruppe bayern2"},"author":2,"comment_status":"closed","ping_status":"closed","template":"","meta":[],"description":{"rendered":"<p class=\"attachment\"><a href='https:\/\/buehne-weinburg.at\/wp-content\/uploads\/2015\/09\/Begr\u00fc\u00dfung-theatergruppe-bayern2.jpg'><img loading=\"lazy\" decoding=\"async\" width=\"300\" height=\"200\" src=\"https:\/\/buehne-weinburg.at\/wp-content\/uploads\/2015\/09\/Begr\u00fc\u00dfung-theatergruppe-bayern2-300x200.jpg\" class=\"attachment-medium size-medium\" alt=\"\" srcset=\"https:\/\/buehne-weinburg.at\/wp-content\/uploads\/2015\/09\/Begr\u00fc\u00dfung-theatergruppe-bayern2-300x200.jpg 300w, https:\/\/buehne-weinburg.at\/wp-content\/uploads\/2015\/09\/Begr\u00fc\u00dfung-theatergruppe-bayern2.jpg 1024w\" sizes=\"(max-width: 300px) 100vw, 300px\" \/><\/a><\/p>\n"},"caption":{"rendered":""},"alt_text":"","media_type":"image","mime_type":"image\/jpeg","media_details":{"width":1024,"height":683,"file":"2015\/09\/Begr\u00fc\u00dfung-theatergruppe-bayern2.jpg","sizes":{"thumbnail":{"file":"Begr\u00fc\u00dfung-theatergruppe-bayern2-150x150.jpg","width":150,"height":150,"mime_type":"image\/jpeg","source_url":"https:\/\/buehne-weinburg.at\/wp-content\/uploads\/2015\/09\/Begr\u00fc\u00dfung-theatergruppe-bayern2-150x150.jpg"},"medium":{"file":"Begr\u00fc\u00dfung-theatergruppe-bayern2-300x200.jpg","width":300,"height":200,"mime_type":"image\/jpeg","source_url":"https:\/\/buehne-weinburg.at\/wp-content\/uploads\/2015\/09\/Begr\u00fc\u00dfung-theatergruppe-bayern2-300x200.jpg"},"post-thumbnail":{"file":"Begr\u00fc\u00dfung-theatergruppe-bayern2-604x270.jpg","width":604,"height":270,"mime_type":"image\/jpeg","source_url":"https:\/\/buehne-weinburg.at\/wp-content\/uploads\/2015\/09\/Begr\u00fc\u00dfung-theatergruppe-bayern2-604x270.jpg"},"slider-thumb":{"file":"Begr\u00fc\u00dfung-theatergruppe-bayern2-608x300.jpg","width":608,"height":300,"mime_type":"image\/jpeg","source_url":"https:\/\/buehne-weinburg.at\/wp-content\/uploads\/2015\/09\/Begr\u00fc\u00dfung-theatergruppe-bayern2-608x300.jpg"},"full":{"file":"Begr\u00fc\u00dfung-theatergruppe-bayern2.jpg","width":1024,"height":683,"mime_type":"image\/jpeg","source_url":"https:\/\/buehne-weinburg.at\/wp-content\/uploads\/2015\/09\/Begr\u00fc\u00dfung-theatergruppe-bayern2.jpg"}},"image_meta":{"aperture":5.5999999999999996447286321199499070644378662109375,"credit":"","camera":"NIKON D750","caption":"","created_timestamp":1465070631,"copyright":"","focal_length":"98","iso":"4000","shutter_speed":"0.01","title":"","orientation":1}},"post":500,"source_url":"https:\/\/buehne-weinburg.at\/wp-content\/uploads\/2015\/09\/Begr\u00fc\u00dfung-theatergruppe-bayern2.jpg","_links":{"self":[{"href":"https:\/\/buehne-weinburg.at\/index.php?rest_route=\/wp\/v2\/media\/732"}],"collection":[{"href":"https:\/\/buehne-weinburg.at\/index.php?rest_route=\/wp\/v2\/media"}],"about":[{"href":"https:\/\/buehne-weinburg.at\/index.php?rest_route=\/wp\/v2\/types\/attachment"}],"author":[{"embeddable":true,"href":"https:\/\/buehne-weinburg.at\/index.php?rest_route=\/wp\/v2\/users\/2"}],"replies":[{"embeddable":true,"href":"https:\/\/buehne-weinburg.at\/index.php?rest_route=%2Fwp%2Fv2%2Fcomments&post=732"}]}}

http://buehne-weinburg.at/wp-content/uploads/2015/09/Begrüßung-theatergruppe-bayern2.jpg

Begrüßung theatergruppe bayern2

<p class="attachment"><a href='https://buehne-weinburg.at/wp-content/uploads/2015/09/Begrüßung-theatergruppe-bayern2.jpg'><img loading="lazy" decoding="async" width="300" height="200" src="https://buehne-weinburg.at/wp-content/uploads/2015/09/Begrüßung-theatergruppe-bayern2-300x200.jpg" class="attachment-medium size-medium" alt="" srcset="https://buehne-weinburg.at/wp-content/uploads/2015/09/Begrüßung-theatergruppe-bayern2-300x200.jpg 300w, https://buehne-weinburg.at/wp-content/uploads/2015/09/Begrüßung-theatergruppe-bayern2.jpg 1024w" sizes="(max-width: 300px) 100vw, 300px" /></a></p>

2015/09/Begrüßung-theatergruppe-bayern2.jpg

Begrüßung-theatergruppe-bayern2-150x150.jpg

https://buehne-weinburg.at/wp-content/uploads/2015/09/Begrüßung-theatergruppe-bayern2-150x150.jpg

Begrüßung-theatergruppe-bayern2-300x200.jpg

https://buehne-weinburg.at/wp-content/uploads/2015/09/Begrüßung-theatergruppe-bayern2-300x200.jpg

Begrüßung-theatergruppe-bayern2-604x270.jpg

https://buehne-weinburg.at/wp-content/uploads/2015/09/Begrüßung-theatergruppe-bayern2-604x270.jpg

Begrüßung-theatergruppe-bayern2-608x300.jpg

https://buehne-weinburg.at/wp-content/uploads/2015/09/Begrüßung-theatergruppe-bayern2-608x300.jpg

Begrüßung-theatergruppe-bayern2.jpg

https://buehne-weinburg.at/wp-content/uploads/2015/09/Begrüßung-theatergruppe-bayern2.jpg
