{"id":54,"date":"2014-10-05T21:36:33","date_gmt":"2014-10-05T19:36:33","guid":{"rendered":"http:\/\/buehne-weinburg.at\/?page_id=54"},"modified":"2024-01-09T21:00:16","modified_gmt":"2024-01-09T19:00:16","slug":"ueber-uns","status":"publish","type":"page","link":"https:\/\/buehne-weinburg.at\/?page_id=54","title":{"rendered":"\u00dcber uns und unsere Sponsoren"},"content":{"rendered":"<p><a href=\"http:\/\/buehne-weinburg.at\/wp-content\/uploads\/2014\/11\/kultur_weinburg1.gif\"><img loading=\"lazy\" decoding=\"async\" class=\"alignright size-medium wp-image-422\" src=\"http:\/\/buehne-weinburg.at\/wp-content\/uploads\/2014\/11\/kultur_weinburg1-300x200.gif\" alt=\"kultur_weinburg\" width=\"300\" height=\"200\" \/><\/a><\/p>\n<p><div id=\"attachment_70\" style=\"width: 310px\" class=\"wp-caption alignright\"><a href=\"http:\/\/buehne-weinburg.at\/wp-content\/uploads\/2014\/10\/Burg_Weinburg.jpg\"><img loading=\"lazy\" decoding=\"async\" aria-describedby=\"caption-attachment-70\" class=\"wp-image-70 size-medium\" src=\"http:\/\/buehne-weinburg.at\/wp-content\/uploads\/2014\/10\/Burg_Weinburg-300x196.jpg\" alt=\"Burg_Weinburg\" width=\"300\" height=\"196\" srcset=\"https:\/\/buehne-weinburg.at\/wp-content\/uploads\/2014\/10\/Burg_Weinburg-300x196.jpg 300w, https:\/\/buehne-weinburg.at\/wp-content\/uploads\/2014\/10\/Burg_Weinburg.jpg 1024w\" sizes=\"(max-width: 300px) 100vw, 300px\" \/><\/a><p id=\"caption-attachment-70\" class=\"wp-caption-text\">&#8222;WER KULTUR HAT, DER HAT KULTUR&#8220; Mit Politik kann man keine Kultur machen, aber vielleicht kann man mit Kultur Politik machen. Theodor Heuss deutscher Politiker und Schriftsteller (1884 &#8211; 1963)<\/p><\/div><br \/>\n<div id=\"attachment_724\" style=\"width: 310px\" class=\"wp-caption alignright\"><a href=\"http:\/\/buehne-weinburg.at\/wp-content\/uploads\/2014\/10\/Gr\u00fcndungssitzung-8.jpg\"><img loading=\"lazy\" decoding=\"async\" aria-describedby=\"caption-attachment-724\" class=\"wp-image-724 size-medium\" src=\"http:\/\/buehne-weinburg.at\/wp-content\/uploads\/2014\/10\/Gr\u00fcndungssitzung-8-300x200.jpg\" alt=\"Gr\u00fcndungssitzung 8\" width=\"300\" height=\"200\" srcset=\"https:\/\/buehne-weinburg.at\/wp-content\/uploads\/2014\/10\/Gr\u00fcndungssitzung-8-300x200.jpg 300w, https:\/\/buehne-weinburg.at\/wp-content\/uploads\/2014\/10\/Gr\u00fcndungssitzung-8-1024x682.jpg 1024w\" sizes=\"(max-width: 300px) 100vw, 300px\" \/><\/a><p id=\"caption-attachment-724\" class=\"wp-caption-text\">Kulturverein B\u00fchne Weinburg nach der Gr\u00fcndungsversammlung am 29. April 2016<\/p><\/div><br \/>\n<div id=\"attachment_726\" style=\"width: 310px\" class=\"wp-caption alignright\"><a href=\"http:\/\/buehne-weinburg.at\/wp-content\/uploads\/2014\/10\/Gr\u00fcndungssitzung-102.jpg\"><img loading=\"lazy\" decoding=\"async\" aria-describedby=\"caption-attachment-726\" class=\"wp-image-726 size-medium\" src=\"http:\/\/buehne-weinburg.at\/wp-content\/uploads\/2014\/10\/Gr\u00fcndungssitzung-102-300x231.jpg\" alt=\"Gr\u00fcndungssitzung 102\" width=\"300\" height=\"231\" srcset=\"https:\/\/buehne-weinburg.at\/wp-content\/uploads\/2014\/10\/Gr\u00fcndungssitzung-102-300x231.jpg 300w, https:\/\/buehne-weinburg.at\/wp-content\/uploads\/2014\/10\/Gr\u00fcndungssitzung-102.jpg 994w\" sizes=\"(max-width: 300px) 100vw, 300px\" \/><\/a><p id=\"caption-attachment-726\" class=\"wp-caption-text\">Der Vorstand des Kulturvereins B\u00fchne Weinburg: Obmann: Voit Josef, Obmann Stellvertreter: Schl\u00f6gl Reinhard, Schriftf\u00fchrerin: Kra\u00dfnig Armin Stellv.: Helmut Fuchs, Kassier: Prietl J\u00fcrgen Stellv.: Mabel Altmann<\/p><\/div><\/p>\n<p><a href=\"http:\/\/buehne-weinburg.at\/wp-content\/uploads\/2014\/10\/Das-Team-in-der-Kulturhauptstadt-Marburg.jpg\"><img loading=\"lazy\" decoding=\"async\" class=\"alignnone size-medium wp-image-91\" src=\"http:\/\/buehne-weinburg.at\/wp-content\/uploads\/2014\/10\/Das-Team-in-der-Kulturhauptstadt-Marburg-300x142.jpg\" alt=\"Das Team in der Kulturhauptstadt Marburg\" width=\"300\" height=\"142\" srcset=\"https:\/\/buehne-weinburg.at\/wp-content\/uploads\/2014\/10\/Das-Team-in-der-Kulturhauptstadt-Marburg-300x142.jpg 300w, https:\/\/buehne-weinburg.at\/wp-content\/uploads\/2014\/10\/Das-Team-in-der-Kulturhauptstadt-Marburg.jpg 1024w\" sizes=\"(max-width: 300px) 100vw, 300px\" \/><\/a><\/p>\n<div id=\"attachment_90\" style=\"width: 310px\" class=\"wp-caption alignnone\"><a href=\"http:\/\/buehne-weinburg.at\/wp-content\/uploads\/2014\/10\/Das-Team-beim-Kulturausflug-in-Triest.jpg\"><img loading=\"lazy\" decoding=\"async\" aria-describedby=\"caption-attachment-90\" class=\"size-medium wp-image-90\" src=\"http:\/\/buehne-weinburg.at\/wp-content\/uploads\/2014\/10\/Das-Team-beim-Kulturausflug-in-Triest-300x174.jpg\" alt=\"Gruppenbild vom Kulturausflug nach Varazdin und Triest\" width=\"300\" height=\"174\" srcset=\"https:\/\/buehne-weinburg.at\/wp-content\/uploads\/2014\/10\/Das-Team-beim-Kulturausflug-in-Triest-300x174.jpg 300w, https:\/\/buehne-weinburg.at\/wp-content\/uploads\/2014\/10\/Das-Team-beim-Kulturausflug-in-Triest.jpg 1024w\" sizes=\"(max-width: 300px) 100vw, 300px\" \/><\/a><p id=\"caption-attachment-90\" class=\"wp-caption-text\">Gruppenbild vom Kulturausflug nach Varazdin und Triest<\/p><\/div>\n<p><em>\u00a0<\/em> Der &#8222;Kulturverein B\u00fchne Weinburg&#8220; wurde am 29. April 2016 zu einem eigenst\u00e4ndigen Verein:<\/p>\n<p>Zum ersten Vorstand wurde einstimmig gew\u00e4hlt:<\/p>\n<p>Obmann: Voit Josef, Obmann Stellvertreter: Prietl J\u00fcrgen, Schriftf\u00fchrerin: Pichler Rosa Maria, Stellv.: Kra\u00dfnig Armin, Kassierin: Pachernegg Renate Stellv.: Schl\u00f6gl Reinhard<\/p>\n<p>Technik: Christoph Tschiggerl<\/p>\n\n\n<h2 class=\"wp-block-heading\">unsere Sponsoren 2024<\/h2>\n\n\n\n<figure class=\"wp-block-image size-large\"><a href=\"http:\/\/buehne-weinburg.at\/wp-content\/uploads\/2014\/10\/csm_Logo_Vorteilsklub_Neuroth_CNeuroth_50868c860b.jpg\"><img loading=\"lazy\" decoding=\"async\" width=\"1024\" height=\"402\" src=\"http:\/\/buehne-weinburg.at\/wp-content\/uploads\/2014\/10\/csm_Logo_Vorteilsklub_Neuroth_CNeuroth_50868c860b-1024x402.jpg\" alt=\"\" class=\"wp-image-1275\" srcset=\"https:\/\/buehne-weinburg.at\/wp-content\/uploads\/2014\/10\/csm_Logo_Vorteilsklub_Neuroth_CNeuroth_50868c860b-1024x402.jpg 1024w, https:\/\/buehne-weinburg.at\/wp-content\/uploads\/2014\/10\/csm_Logo_Vorteilsklub_Neuroth_CNeuroth_50868c860b-300x117.jpg 300w, https:\/\/buehne-weinburg.at\/wp-content\/uploads\/2014\/10\/csm_Logo_Vorteilsklub_Neuroth_CNeuroth_50868c860b.jpg 1162w\" sizes=\"(max-width: 1024px) 100vw, 1024px\" \/><\/a><\/figure>\n\n\n\n<figure class=\"wp-block-image size-full\"><a href=\"http:\/\/buehne-weinburg.at\/wp-content\/uploads\/2024\/01\/Logo-2023-1-roeck.jpg\"><img loading=\"lazy\" decoding=\"async\" width=\"790\" height=\"201\" src=\"http:\/\/buehne-weinburg.at\/wp-content\/uploads\/2024\/01\/Logo-2023-1-roeck.jpg\" alt=\"\" class=\"wp-image-1302\" srcset=\"https:\/\/buehne-weinburg.at\/wp-content\/uploads\/2024\/01\/Logo-2023-1-roeck.jpg 790w, https:\/\/buehne-weinburg.at\/wp-content\/uploads\/2024\/01\/Logo-2023-1-roeck-300x76.jpg 300w, https:\/\/buehne-weinburg.at\/wp-content\/uploads\/2024\/01\/Logo-2023-1-roeck-768x195.jpg 768w\" sizes=\"(max-width: 790px) 100vw, 790px\" \/><\/a><\/figure>\n\n\n\n<figure class=\"wp-block-image size-large\"><a href=\"http:\/\/buehne-weinburg.at\/wp-content\/uploads\/2024\/01\/umdasch-01.jpg\"><img loading=\"lazy\" decoding=\"async\" width=\"1024\" height=\"579\" src=\"http:\/\/buehne-weinburg.at\/wp-content\/uploads\/2024\/01\/umdasch-01-1024x579.jpg\" alt=\"\" class=\"wp-image-1282\" srcset=\"https:\/\/buehne-weinburg.at\/wp-content\/uploads\/2024\/01\/umdasch-01-1024x579.jpg 1024w, https:\/\/buehne-weinburg.at\/wp-content\/uploads\/2024\/01\/umdasch-01-300x170.jpg 300w, https:\/\/buehne-weinburg.at\/wp-content\/uploads\/2024\/01\/umdasch-01-768x434.jpg 768w, https:\/\/buehne-weinburg.at\/wp-content\/uploads\/2024\/01\/umdasch-01.jpg 1194w\" sizes=\"(max-width: 1024px) 100vw, 1024px\" \/><\/a><\/figure>\n\n\n\n<figure class=\"wp-block-image size-full is-resized\"><a href=\"http:\/\/buehne-weinburg.at\/wp-content\/uploads\/2014\/10\/images.png\"><img loading=\"lazy\" decoding=\"async\" width=\"495\" height=\"102\" src=\"http:\/\/buehne-weinburg.at\/wp-content\/uploads\/2014\/10\/images.png\" alt=\"\" class=\"wp-image-1255\" style=\"width:879px;height:auto\" srcset=\"https:\/\/buehne-weinburg.at\/wp-content\/uploads\/2014\/10\/images.png 495w, https:\/\/buehne-weinburg.at\/wp-content\/uploads\/2014\/10\/images-300x61.png 300w\" sizes=\"(max-width: 495px) 100vw, 495px\" \/><\/a><\/figure>\n\n\n\n<figure class=\"wp-block-image size-full is-resized\"><a href=\"http:\/\/buehne-weinburg.at\/wp-content\/uploads\/2014\/10\/Neues-Bild-4.png\"><img loading=\"lazy\" decoding=\"async\" width=\"792\" height=\"801\" src=\"http:\/\/buehne-weinburg.at\/wp-content\/uploads\/2014\/10\/Neues-Bild-4.png\" alt=\"\" class=\"wp-image-1277\" style=\"width:465px;height:auto\" srcset=\"https:\/\/buehne-weinburg.at\/wp-content\/uploads\/2014\/10\/Neues-Bild-4.png 792w, https:\/\/buehne-weinburg.at\/wp-content\/uploads\/2014\/10\/Neues-Bild-4-296x300.png 296w\" sizes=\"(max-width: 792px) 100vw, 792px\" \/><\/a><\/figure>\n\n\n\n<figure class=\"wp-block-image size-large is-resized\"><a href=\"http:\/\/buehne-weinburg.at\/wp-content\/uploads\/2014\/10\/Swietelsky-Logo-RGB-Positive-2.jpg\"><img loading=\"lazy\" decoding=\"async\" width=\"1024\" height=\"1024\" src=\"http:\/\/buehne-weinburg.at\/wp-content\/uploads\/2014\/10\/Swietelsky-Logo-RGB-Positive-2-1024x1024.jpg\" alt=\"\" class=\"wp-image-1251\" style=\"width:840px;height:auto\" srcset=\"https:\/\/buehne-weinburg.at\/wp-content\/uploads\/2014\/10\/Swietelsky-Logo-RGB-Positive-2-1024x1024.jpg 1024w, https:\/\/buehne-weinburg.at\/wp-content\/uploads\/2014\/10\/Swietelsky-Logo-RGB-Positive-2-150x150.jpg 150w, https:\/\/buehne-weinburg.at\/wp-content\/uploads\/2014\/10\/Swietelsky-Logo-RGB-Positive-2-300x300.jpg 300w\" sizes=\"(max-width: 1024px) 100vw, 1024px\" \/><\/a><\/figure>\n\n\n\n<figure class=\"wp-block-image size-full is-resized\"><a href=\"http:\/\/buehne-weinburg.at\/wp-content\/uploads\/2014\/10\/Herunterladen-3.jpg\"><img loading=\"lazy\" decoding=\"async\" width=\"200\" height=\"139\" src=\"http:\/\/buehne-weinburg.at\/wp-content\/uploads\/2014\/10\/Herunterladen-3.jpg\" alt=\"\" class=\"wp-image-1253\" style=\"width:669px;height:auto\"\/><\/a><\/figure>\n\n\n\n<figure class=\"wp-block-image size-full\"><a href=\"http:\/\/buehne-weinburg.at\/wp-content\/uploads\/2014\/10\/images-1.png\"><img loading=\"lazy\" decoding=\"async\" width=\"566\" height=\"89\" src=\"http:\/\/buehne-weinburg.at\/wp-content\/uploads\/2014\/10\/images-1.png\" alt=\"\" class=\"wp-image-1257\" srcset=\"https:\/\/buehne-weinburg.at\/wp-content\/uploads\/2014\/10\/images-1.png 566w, https:\/\/buehne-weinburg.at\/wp-content\/uploads\/2014\/10\/images-1-300x47.png 300w\" sizes=\"(max-width: 566px) 100vw, 566px\" \/><\/a><\/figure>\n\n\n\n<figure class=\"wp-block-image size-full\"><a href=\"http:\/\/buehne-weinburg.at\/wp-content\/uploads\/2014\/10\/Neues-Bild-5.png\"><img loading=\"lazy\" decoding=\"async\" width=\"651\" height=\"531\" src=\"http:\/\/buehne-weinburg.at\/wp-content\/uploads\/2014\/10\/Neues-Bild-5.png\" alt=\"\" class=\"wp-image-1272\" srcset=\"https:\/\/buehne-weinburg.at\/wp-content\/uploads\/2014\/10\/Neues-Bild-5.png 651w, https:\/\/buehne-weinburg.at\/wp-content\/uploads\/2014\/10\/Neues-Bild-5-300x244.png 300w\" sizes=\"(max-width: 651px) 100vw, 651px\" \/><\/a><\/figure>\n\n\n\n<figure class=\"wp-block-image size-full\"><a href=\"http:\/\/buehne-weinburg.at\/wp-content\/uploads\/2014\/10\/Neues-Bild-1.png\"><img loading=\"lazy\" decoding=\"async\" width=\"1010\" height=\"256\" src=\"http:\/\/buehne-weinburg.at\/wp-content\/uploads\/2014\/10\/Neues-Bild-1.png\" alt=\"\" class=\"wp-image-1278\" srcset=\"https:\/\/buehne-weinburg.at\/wp-content\/uploads\/2014\/10\/Neues-Bild-1.png 1010w, https:\/\/buehne-weinburg.at\/wp-content\/uploads\/2014\/10\/Neues-Bild-1-300x76.png 300w\" sizes=\"(max-width: 1010px) 100vw, 1010px\" \/><\/a><\/figure>\n\n\n\n<figure class=\"wp-block-image size-full\"><a href=\"http:\/\/buehne-weinburg.at\/wp-content\/uploads\/2014\/10\/Neues-Bild-3.png\"><img loading=\"lazy\" decoding=\"async\" width=\"942\" height=\"474\" src=\"http:\/\/buehne-weinburg.at\/wp-content\/uploads\/2014\/10\/Neues-Bild-3.png\" alt=\"\" class=\"wp-image-1279\" srcset=\"https:\/\/buehne-weinburg.at\/wp-content\/uploads\/2014\/10\/Neues-Bild-3.png 942w, https:\/\/buehne-weinburg.at\/wp-content\/uploads\/2014\/10\/Neues-Bild-3-300x150.png 300w\" sizes=\"(max-width: 942px) 100vw, 942px\" \/><\/a><\/figure>\n\n\n\n<figure class=\"wp-block-image size-full\"><a href=\"http:\/\/buehne-weinburg.at\/wp-content\/uploads\/2014\/10\/Neues-Bild.png\"><img loading=\"lazy\" decoding=\"async\" width=\"928\" height=\"310\" src=\"http:\/\/buehne-weinburg.at\/wp-content\/uploads\/2014\/10\/Neues-Bild.png\" alt=\"\" class=\"wp-image-1280\" srcset=\"https:\/\/buehne-weinburg.at\/wp-content\/uploads\/2014\/10\/Neues-Bild.png 928w, https:\/\/buehne-weinburg.at\/wp-content\/uploads\/2014\/10\/Neues-Bild-300x100.png 300w\" sizes=\"(max-width: 928px) 100vw, 928px\" \/><\/a><\/figure>\n\n\n\n<figure class=\"wp-block-image size-full\"><a href=\"http:\/\/buehne-weinburg.at\/wp-content\/uploads\/2024\/01\/Neues-Bild-2.png\"><img loading=\"lazy\" decoding=\"async\" width=\"973\" height=\"482\" src=\"http:\/\/buehne-weinburg.at\/wp-content\/uploads\/2024\/01\/Neues-Bild-2.png\" alt=\"\" class=\"wp-image-1288\" srcset=\"https:\/\/buehne-weinburg.at\/wp-content\/uploads\/2024\/01\/Neues-Bild-2.png 973w, https:\/\/buehne-weinburg.at\/wp-content\/uploads\/2024\/01\/Neues-Bild-2-300x149.png 300w, https:\/\/buehne-weinburg.at\/wp-content\/uploads\/2024\/01\/Neues-Bild-2-768x380.png 768w, https:\/\/buehne-weinburg.at\/wp-content\/uploads\/2024\/01\/Neues-Bild-2-608x300.png 608w\" sizes=\"(max-width: 973px) 100vw, 973px\" \/><\/a><\/figure>\n\n\n\n<figure class=\"wp-block-image size-full is-resized\"><a href=\"http:\/\/buehne-weinburg.at\/wp-content\/uploads\/2024\/01\/sanlas.png\"><img loading=\"lazy\" decoding=\"async\" width=\"288\" height=\"175\" src=\"http:\/\/buehne-weinburg.at\/wp-content\/uploads\/2024\/01\/sanlas.png\" alt=\"\" class=\"wp-image-1292\" style=\"width:834px;height:auto\"\/><\/a><\/figure>\n","protected":false},"excerpt":{"rendered":"<p>\u00a0 Der &#8222;Kulturverein B\u00fchne Weinburg&#8220; wurde am 29. April 2016 zu einem eigenst\u00e4ndigen Verein: Zum ersten Vorstand wurde einstimmig gew\u00e4hlt: Obmann: Voit Josef, Obmann Stellvertreter: Prietl J\u00fcrgen, Schriftf\u00fchrerin: Pichler Rosa Maria, Stellv.: Kra\u00dfnig Armin, Kassierin: Pachernegg Renate Stellv.: Schl\u00f6gl Reinhard Technik: Christoph Tschiggerl unsere Sponsoren 2024<\/p>\n","protected":false},"author":1,"featured_media":0,"parent":0,"menu_order":0,"comment_status":"closed","ping_status":"closed","template":"","meta":{"footnotes":""},"_links":{"self":[{"href":"https:\/\/buehne-weinburg.at\/index.php?rest_route=\/wp\/v2\/pages\/54"}],"collection":[{"href":"https:\/\/buehne-weinburg.at\/index.php?rest_route=\/wp\/v2\/pages"}],"about":[{"href":"https:\/\/buehne-weinburg.at\/index.php?rest_route=\/wp\/v2\/types\/page"}],"author":[{"embeddable":true,"href":"https:\/\/buehne-weinburg.at\/index.php?rest_route=\/wp\/v2\/users\/1"}],"replies":[{"embeddable":true,"href":"https:\/\/buehne-weinburg.at\/index.php?rest_route=%2Fwp%2Fv2%2Fcomments&post=54"}],"version-history":[{"count":15,"href":"https:\/\/buehne-weinburg.at\/index.php?rest_route=\/wp\/v2\/pages\/54\/revisions"}],"predecessor-version":[{"id":1310,"href":"https:\/\/buehne-weinburg.at\/index.php?rest_route=\/wp\/v2\/pages\/54\/revisions\/1310"}],"wp:attachment":[{"href":"https:\/\/buehne-weinburg.at\/index.php?rest_route=%2Fwp%2Fv2%2Fmedia&parent=54"}],"curies":[{"name":"wp","href":"https:\/\/api.w.org\/{rel}","templated":true}]}}